{"id":8640,"date":"2024-12-18T16:07:20","date_gmt":"2024-12-18T15:07:20","guid":{"rendered":"https:\/\/www.advintage.de\/?page_id=8640"},"modified":"2025-12-18T10:49:55","modified_gmt":"2025-12-18T09:49:55","slug":"filzfarben","status":"publish","type":"page","link":"https:\/\/www.advintage.de\/index.php\/filzfarben\/","title":{"rendered":"Filzfarben"},"content":{"rendered":"<p>Hier finden Sie eine \u00dcbersicht der aktuell erh\u00e4ltlichen Filzfarben, weiter unten alle in 100% Biber erh\u00e4ltlichen Sable T\u00f6ne nebeneinander. Um zu Vergr\u00f6\u00dfern klicken Sie bitte auf die Bilder:<\/p>\n<p><a href=\"https:\/\/www.advintage.de\/wp-content\/uploads\/2025\/12\/feltcolors26.jpg\"><img loading=\"lazy\" decoding=\"async\" class=\"aligncenter size-large wp-image-9759\" src=\"https:\/\/www.advintage.de\/wp-content\/uploads\/2025\/12\/feltcolors26-700x530.jpg\" alt=\"\" width=\"700\" height=\"530\" srcset=\"https:\/\/www.advintage.de\/wp-content\/uploads\/2025\/12\/feltcolors26-700x530.jpg 700w, https:\/\/www.advintage.de\/wp-content\/uploads\/2025\/12\/feltcolors26-300x227.jpg 300w, https:\/\/www.advintage.de\/wp-content\/uploads\/2025\/12\/feltcolors26-768x581.jpg 768w, https:\/\/www.advintage.de\/wp-content\/uploads\/2025\/12\/feltcolors26-1536x1162.jpg 1536w, https:\/\/www.advintage.de\/wp-content\/uploads\/2025\/12\/feltcolors26-2048x1550.jpg 2048w\" sizes=\"auto, (max-width: 700px) 100vw, 700px\" \/><\/a><\/p>\n<p>&nbsp;<\/p>\n<p><a href=\"https:\/\/www.advintage.de\/wp-content\/uploads\/2025\/12\/Sables-26.jpg\"><img loading=\"lazy\" decoding=\"async\" class=\"aligncenter size-large wp-image-9764\" src=\"https:\/\/www.advintage.de\/wp-content\/uploads\/2025\/12\/Sables-26-700x417.jpg\" alt=\"\" width=\"700\" height=\"417\" srcset=\"https:\/\/www.advintage.de\/wp-content\/uploads\/2025\/12\/Sables-26-700x417.jpg 700w, https:\/\/www.advintage.de\/wp-content\/uploads\/2025\/12\/Sables-26-300x179.jpg 300w, https:\/\/www.advintage.de\/wp-content\/uploads\/2025\/12\/Sables-26-768x457.jpg 768w, https:\/\/www.advintage.de\/wp-content\/uploads\/2025\/12\/Sables-26-1536x914.jpg 1536w, https:\/\/www.advintage.de\/wp-content\/uploads\/2025\/12\/Sables-26-2048x1219.jpg 2048w\" sizes=\"auto, (max-width: 700px) 100vw, 700px\" \/><\/a><\/p>\n","protected":false},"excerpt":{"rendered":"<p>Hier finden Sie eine \u00dcbersicht der aktuell erh\u00e4ltlichen Filzfarben, weiter unten alle in 100% Biber erh\u00e4ltlichen Sable T\u00f6ne nebeneinander. Um zu Vergr\u00f6\u00dfern klicken Sie bitte auf die Bilder: &nbsp;<\/p>\n","protected":false},"author":1,"featured_media":0,"parent":0,"menu_order":0,"comment_status":"closed","ping_status":"closed","template":"","meta":{"footnotes":""},"class_list":["post-8640","page","type-page","status-publish","hentry","entry"],"_links":{"self":[{"href":"https:\/\/www.advintage.de\/index.php\/wp-json\/wp\/v2\/pages\/8640","targetHints":{"allow":["GET"]}}],"collection":[{"href":"https:\/\/www.advintage.de\/index.php\/wp-json\/wp\/v2\/pages"}],"about":[{"href":"https:\/\/www.advintage.de\/index.php\/wp-json\/wp\/v2\/types\/page"}],"author":[{"embeddable":true,"href":"https:\/\/www.advintage.de\/index.php\/wp-json\/wp\/v2\/users\/1"}],"replies":[{"embeddable":true,"href":"https:\/\/www.advintage.de\/index.php\/wp-json\/wp\/v2\/comments?post=8640"}],"version-history":[{"count":10,"href":"https:\/\/www.advintage.de\/index.php\/wp-json\/wp\/v2\/pages\/8640\/revisions"}],"predecessor-version":[{"id":9766,"href":"https:\/\/www.advintage.de\/index.php\/wp-json\/wp\/v2\/pages\/8640\/revisions\/9766"}],"wp:attachment":[{"href":"https:\/\/www.advintage.de\/index.php\/wp-json\/wp\/v2\/media?parent=8640"}],"curies":[{"name":"wp","href":"https:\/\/api.w.org\/{rel}","templated":true}]}}